 -h**4/24 - 5*h**3/6 + h**2. Suppose -265*k - 941 + 2531 = 0. Determine u(k).
-11
Let d(g) be the third derivative of -74*g**2 + g**3 - 1/24*g**4 + 0*g + 0. Determine d(3).
3
Let b(t) = 38 + 5*t + 4 - 13*t. Give b(5).
2
Let n be (22/(-198)*-3)/((-4)/(-6)). Let k(g) be the first derivative of n*g**2 - 13*g - 27. Determine k(13).
0
Let l(v) = -4*v**3 - 138907 - 3*v**2 - 9*v**2 + 2*v**3 + 138925 + 15*v. What is l(-7)?
11
Let z(o) = -3*o - 12 - 109*o**2 + 19 + 114*o**2 - o**3 - 6. Give z(5).
-14
Let v(d) = 4*d**3 - 5*d**2 + 4*d + 2. Suppose 25*a = -q + 28*a + 3, -15 = -5*q - a. Give v(q).
77
Suppose -3*v + 8*r - 5*r = 9, 0 = 3*v - r + 7. Let j(y) = -y - 4*y - 4 + 6*y - 4*y. Let p(i) = -14*i - 21. Let h(f) = 11*j(f) - 2*p(f). Calculate h(v).
8
Let f(r) = -4*r**2 + 99*r - 90. Let d(v) = -v**2 + 25*v - 24. Let b(x) = 9*d(x) - 2*f(x). What is b(25)?
14
Let l be (-8 + (-261)/(-18))/(((-28)/24)/7). Let v(d) = d + 63. Determine v(l).
24
Let p(u) = -12*u + 23. Let m be (4/(-6))/(84/(-1218) - (-105)/261). What is p(m)?
47
Let o(h) = 4*h**2 - 4*h + 4. Let w be 3/(-1 + 18/9). Calculate o(w).
28
Let y(m) = -m**2 + m - 5. Let h(x) = -12*x - 223. Suppose 60*n = 65*n + 4*z + 95, -z = 0. Let f be h(n). Calculate y(f).
-25
Let t be (-3 + 7)/(2*(-8)/(-16)). Let d(v) = -v**3 + 3*v**2. Determine d(t).
-16
Let r(w) = w**2 - 7*w - 1. Suppose -2*x - 5*x = -14. Suppose x*b - 44 = 14*n - 19*n, -2*n = 3*b - 11. What is r(n)?
29
Let s(p) be the first derivative of -p**2/2 - 2*p - 9397. Let f = 14 + -9. Suppose -r = -3*w + f, -w = -5*r + 22 - 5. Give s(w).
-5
Let j(z) = z**3 - 4*z**2 - 7*z + 5. Suppose 12*a - 16*a = 16. Let h be (-2 + 5 - 2)/1 - a. Determine j(h).
-5
Suppose j + 8 = 60. Let m = j + -53. Let x(v) = 11*v. Determine x(m).
-11
Let a(g) = 10*g**2 + 2*g - 5. Let h be a(-1). Let y(z) be the second derivative of 0 + 2*z**2 + 1/2*z**3 - h*z. Determine y(-3).
-5
Let c(o) = -14*o + 2. Let k be 624/60*(135/6)/(-3). Let x be k/(-12)*8/26. Calculate c(x).
-26
Let x(g) = -4 + 7*g - 4*g - 104*g**2 + 21*g**2 + 85*g**2. Calculate x(1).
1
Suppose 14 = 21*w - 14*w. Suppose -b = -h + 2, b + 2*h + 3*h - 4 = 0. Let k(p) = p - 1. Let z(o) = o**2 + 2*o - 3. Let d(v) = b*z(v) + 2*k(v). Calculate d(w).
-3
Let r(s) be the second derivative of s**5/20 - 5*s**4/4 + 5*s**3/3 + 25*s**2/2 + 14*s - 3. Determine r(14).
-31
Let h(z) = 2*z**2 - 16*z - 9. Let i be h(7). Let y = -13 - i. Let r be 3*(-3 + y/3). Let j(g) = 10*g**2 + 2*g - 1. Determine j(r).
11
Let r = 162 - 161. Let x(o) = 6*o**2 - o + 2. Let u be x(r). Let v(l) be the second derivative of l**3/6 - 13*l**2/2 - 2*l. Calculate v(u).
-6
Let i(o) = -o**3 - 4*o**2 - 3*o - 2. Let n be ((-3)/1)/(9/(-15)). Suppose -f = -n*g - 0*f + 129, 2*f = 3*g - 83. Let x = g - 27. Calculate i(x).
-4
Let c(i) = -9*i**3. Suppose 0*r = -5*r + 2*u + 16, 0 = 4*r - 4*u - 8. Suppose -r*w = -3*h - 6, 3*w = 3*h + 7 - 1. Let b be (-1 - h)/((-2)/2). Give c(b).
9
Let a(d) = d**3 + 5*d**2 - 57*d - 44. Let o be a(6). Let b(h) = 2*h + 2 - 9 - 4 - 3. What is b(o)?
6
Let d(c) = 95*c + 1231. Let l be d(-13). Let r(y) = y**2 + 13*y + 25. Determine r(l).
-11
Let g(w) = 4 + 0*w - w + 0 + 0*w - 8. Let v be g(-3). Let a(y) = 4*y + 1. Calculate a(v).
-3
Let s = -3477 + 3478. Let b(x) = 2*x**2 + 9*x + 7. Let n(c) = -c**2 - 5*c - 4. Let p(t) = 4*b(t) + 7*n(t). Give p(s).
2
Let z(g) = -7*g**2 - 14*g - g**2 + 6*g + g**3 - 6. Let x be ((-108)/45)/((-6)/(-20)). Let t be 360/42 + 1 + x/14. What is z(t)?
3
Let r(l) be the first derivative of -9*l**2/2 - 29*l - 2. Let t be r(-4). Let k(p) = -p - 6*p + t*p + 5 - 3*p + p**2. Determine k(4).
9
Let t(g) = -g - 2. Let q(b) = -7*b - 5. Let o(k) = q(k) - 5*t(k). Let r be o(4). Let l(p) = p**3 - p + 1. Give l(r).
-23
Let u(x) = -2 + 4 - 89054*x**3 + 89058*x**3 + 2. Give u(-2).
-28
Let b(o) = -o**2 + 5*o + 1. Let q(s) = -s**2 + 13. Suppose -3*v = -4*l - 24, 6 - 12 = l + 3*v. Let f be q(l). Let m be (1 - 0)/(f/(-138)). Calculate b(m).
-5
Let u = -4426 + 4433. Let f(c) = -c**3 + 7*c**2 - 2*c + 9. Determine f(u).
-5
Suppose -k + 37 = -3. Let g be 0 - (4 + k) - 3. Let j = g + 47. Let l(r) = -r**2 + r + 2. What is l(j)?
2
Let d be (-12)/6*5/(-2). Suppose 0 = 4*f - 3*t - 11 - 9, -22 = -f + 5*t. Let x(q) = 5 - 139*q + 135*q - 1 + q**f. Give x(d).
9
Suppose 0 = -124*k + 316*k - 919 - 41. Let x(t) be the third derivative of 0*t + 0 + 1/60*t**k - 13*t**2 + 1/2*t**3 + 5/24*t**4. Give x(-5).
3
Let v(m) = -m + 6. Let s(w) = 5*w - 47. Let l(g) = -s(g) - 4*v(g). What is l(-11)?
34
Let f be 4/(16/51) - ((-77)/(-44) - 2). Let m(k) = 2*k**2 - 16*k - 11. Give m(f).
119
Let t be (0 + (-18)/(-15))*(5 - 0). Let h be (-5)/15 + 13/3. Let y(m) = 6*m - h - 5*m + 2*m. Determine y(t).
14
Suppose 5*m - 3*m - g + 1 = 0, 0 = -5*m + 4*g - 10. Let q(s) = 9*s + 3*s + 1 + s + s**3 + 12*s**m + 2. Calculate q(-11).
-19
Let s = 158 + -138. Let j be (4/(-10))/(s/(-1700)). Let a(i) = -7 + 69*i - j*i - 34*i. Determine a(7).
0
Let k(j) = 312*j + 11209. Let m be k(-36). Let z(p) = -p - 61. Determine z(m).
-38
Let a(l) be the third derivative of l**4/4 - 2*l**3 - 42*l**2. Let h(q) = -6*q + 14. Let x(j) = -6*a(j) - 5*h(j). Give x(-4).
26
Let y(x) = -3*x**2 - 5*x - 15. Let o(z) = 2*z**2 - z + 1. Let u(s) = 9*s**2 - 6*s. Let m(p) = -5*o(p) + u(p). Let g(d) = -17*m(d) + 6*y(d). Calculate g(-12).
7
Suppose 42 + 24 = 22*v. Let o = 0 - -3. Suppose 0 = 2*d - o*b - 9 + 1, -d + v = -b. Let n(f) = 5*f. Determine n(d).
5
Let b(q) = -q**2 + 7*q + 2. Let r(y) = y**3 + 17*y**2 - 18*y + 4. Suppose -5*c = -14*s + 15*s + 90, -18 = c + 5*s. Let p be r(c). Calculate b(p).
14
Let s(l) = -l**3 - 6*l**2 - 3*l + 3. Let g be (-2 + (-2 - 2)/(-1))*2. Suppose -4*j - 20 = -3*z, g + 1 = -j - 4*z. Determine s(j).
-7
Suppose -287*c - 153 - 3 = -1878. Let p(z) = 23*z - 19. Calculate p(c).
119
Let r(u) = 48*u**3 - u**2. Suppose 2*g - 15 = -l, 20 = 5*g - 19*l + 18*l. Suppose g*x - 7*x = 2. Give r(x).
-49
Let o be 7*1/7*5. Let z(i) = -o*i + 1 - 4*i + 14*i - 7*i + i**2 - 4*i. What is z(6)?
1
Let z = -71 - -74. Let t(m) = -14*m - 24*m**3 + 4 - 2*m**2 + 8*m + 25*m**3 + m + 3*m. Calculate t(z).
7
Suppose 278 - 187 = 7*i. Let z(k) = i*k + 8*k + 5*k - 25*k - 1. Calculate z(-10).
-11
Let a(c) be the first derivative of -c**4/4 - 5*c**3/3 + 5*c**2 - 7*c - 1250. Determine a(-7).
21
Let f(w) be the first derivative of -w**3/3 - 2*w**2 + 5*w + 1. Let h be (10 + (-276)/18)*(-18)/8. Let g = h - 18. Give f(g).
-7
Let g(v) = v**2 + 9*v - 1. Let u be 5/2*(24/6 + -2). Let z(l) = -l**2 - 4*l. Let a(d) = u*z(d) + 3*g(d). Calculate a(5).
-18
Let g(k) = -3*k**3 + 10*k**2 - k + 43. Let c(y) = -16*y**3 + 42*y**2 - 5*y + 214. Let f(m) = 2*c(m) - 11*g(m). Calculate f(26).
-19
Let q(m) be the first derivative of -m**4/4 - 4*m**3/3 + 3*m**2/2 - 2*m - 1. Let g be (-2)/(((-46)/(-138))/(2*1)). Let v be (-148)/28 + -1*g/42. Calculate q(v).
8
Let i(u) = -2*u**2 + u**2 + 386671 + 10*u - 386679. Give i(3).
13
Let g(o) be the first derivative of -o**2/2 - 24*o + 935. Calculate g(-11).
-13
Let d be (24/(-30))/((-1)/(-5)). Let w be (0 + (-4)/(-5))/(d/(-20)). Let y(h) = -2*h**2 + 5*h - 3. Give y(w).
-15
Suppose 0*w - 4*w = -56. Suppose -w = 5*g - 12*g. Let x be 6 - g - (-7 - -16). Let s(u) = 2*u**2 + 8*u + 3. Determine s(x).
13
Suppose -2*i + 2*r = r - 2, -2*i - 4*r + 12 = 0. Let o = 11 + -9. Let t(n) = -5*n**2 - 1 + 3 + 2*n + n**3 + n**o. Determine t(i).
-2
Let q(f) = -12*f - 143. Let c be q(-12). Let j(m) = -m. Let r(g) = -2*g - 17. Let a(h) = c*r(h) - 6*j(h). Determine a(6).
7
Let z(p) = p**3 + 6*p**2 - 2*p - 9. Suppose 0 = -19*w + 22*w - 249. Let m = w + -59. Suppose -16*b = -20*b - m. Give z(b).
3
Let a(v) be the first derivative of v - 1/4*v**4 - 74 - 5/3*v**3 + 2*v**2. Calculate a(-6).
13
Let x(w) = 156*w + 152*w + 159*w + 888 - 478*w. Determine x(80).
8
Let g(p) be the third derivative of p**4/6 - 2*p**3/3 + 66*p**2. Suppose 3*s - 32 = 11*s. Calculate g(s).
-20
Let v(i) = -i**3 - 5*i**2 + 4. Let y = 221 + -196. Suppose -22*c = -17*c + y. Give v(c).
4
Suppose -11*o + 3*o = -0*o + 3*o. Let g(m) be the second derivative of -2*m + o + 10*m**2 - 1/6*m**3. Give g(0).
20
Let z = 4262 + -4234. Let d(i) = i**2 - 23*i - 125. Determine d(z).
15
Let b(s) = -4*s + 3*s**3 - 13 - s**3 - s**3 - 10*s + 11*s**2 - 2*s**3. Give b(10).
-53
Suppose 54 = 4*c - 2*a, -2*